 by 30572.
20
What is the remainder when 81543 is divided by 2064?
1047
Calculate the remainder when 178917619 is divided by 14.
13
What is the remainder when 2543632 is divided by 820?
812
Calculate the remainder when 115123 is divided by 103.
72
What is the remainder when 489287 is divided by 4790?
707
What is the remainder when 528578 is divided by 176083?
329
What is the remainder when 1529938 is divided by 24675?
88
What is the remainder when 2200421 is divided by 2200067?
354
Calculate the remainder when 46582 is divided by 2908.
54
What is the remainder when 299063 is divided by 59761?
258
What is the remainder when 180487 is divided by 464?
455
Calculate the remainder when 66961 is divided by 7585.
6281
What is the remainder when 614773689 is divided by 314?
311
What is the remainder when 9988499 is divided by 434279?
82
What is the remainder when 370967 is divided by 841?
86
Calculate the remainder when 164423 is divided by 700.
623
Calculate the remainder when 13729299 is divided by 13729282.
17
Calculate the remainder when 2355527 is divided by 4362.
47
What is the remainder when 9268946 is divided by 482?
86
What is the remainder when 48765274 is divided by 11?
8
Calculate the remainder when 62623199 is divided by 15655799.
3
What is the remainder when 1724 is divided by 1639?
85
Calculate the remainder when 6730021 is divided by 2477.
12
Calculate the remainder when 999606 is divided by 24.
6
What is the remainder when 37747019 is divided by 7045?
6954
What is the remainder when 790917 is divided by 2197?
2194
Calculate the remainder when 6208 is divided by 1420.
528
Calculate the remainder when 4541184 is divided by 1513725.
9
Calculate the remainder when 1152246 is divided by 1152239.
7
What is the remainder when 5854850 is divided by 1601?
1594
Calculate the remainder when 121765 is divided by 175.
140
Calculate the remainder when 50799332 is divided by 141.
134
Calculate the remainder when 106722 is divided by 121.
0
What is the remainder when 1346526 is divided by 673194?
138
What is the remainder when 9570203 is divided by 232?
203
Calculate the remainder when 103126 is divided by 2104.
30
Calculate the remainder when 3683374 is divided by 809.
806
Calculate the remainder when 1191799 is divided by 595887.
25
What is the remainder when 1071304 is divided by 59513?
70
Calculate the remainder when 87532399 is divided by 73.
70
Calculate the remainder when 132903 is divided by 26355.
1128
What is the remainder when 513452 is divided by 22322?
46
What is the remainder when 38405 is divided by 1536?
5
Calculate the remainder when 23937 is divided by 22650.
1287
Calculate the remainder when 10252 is divided by 3033.
1153
Calculate the remainder when 233287 is divided by 2522.
1263
What is the remainder when 243461 is divided by 241214?
2247
Calculate the remainder when 8142362 is divided by 481.
475
Calculate the remainder when 19935 is divided by 9206.
1523
Calculate the remainder when 138064247 is divided by 4760835.
32
What is the remainder when 64851246 is divided by 56?
54
What is the remainder when 17303 is divided by 3798?
2111
Calculate the remainder when 17476 is divided by 1119.
691
Calculate the remainder when 12462428 is divided by 858.
836
What is the remainder when 585116 is divided by 45003?
77
Calculate the remainder when 24832927 is divided by 3646.
21
What is the remainder when 17290 is divided by 1789?
1189
What is the remainder when 7098615 is divided by 820?
695
Calculate the remainder when 52357044 is divided by 23.
5
Calculate the remainder when 39361 is divided by 13061.
178
What is the remainder when 905830 is divided by 2745?
2725
Calculate the remainder when 1819904 is divided by 202.
86
What is the remainder when 3608895 is divided by 8?
7
Calculate the remainder when 3800568 is divided by 950132.
40
Calculate the remainder when 152166 is divided by 11622.
1080
Calculate the remainder when 51842 is divided by 15557.
5171
What is the remainder when 436638 is divided by 759?
213
What is the remainder when 29474326 is divided by 5304?
5302
What is the remainder when 208205 is divided by 207201?
1004
Calculate the remainder when 5061203 is divided by 330.
323
What is the remainder when 107509 is divided by 625?
9
What is the remainder when 115381 is divided by 165?
46
What is the remainder when 1975919 is divided by 3905?
3894
What is the remainder when 2911226 is divided by 921?
866
Calculate the remainder when 583712547 is divided by 293.
291
What is the remainder when 183082153 is divided by 25588?
13
Calculate the remainder when 161350 is divided by 7240.
2070
What is the remainder when 4573264 is divided by 5674?
20
Calculate the remainder when 5831532 is divided by 12200.
12132
Calculate the remainder when 32683412 is divided by 4.
0
Calculate the remainder when 12331 is divided by 3293.
2452
Calculate the remainder when 4498452 is divided by 2107.
7
Calculate the remainder when 26579666 is divided by 2743.
2739
What is the remainder when 160731 is divided by 11473?
109
Calculate the remainder when 1249375 is divided by 889.
330
Calculate the remainder when 16237830 is divided by 42.
0
What is the remainder when 102291 is divided by 33973?
372
Calculate the remainder when 21766 is divided by 2022.
1546
What is the remainder when 256842 is divided by 337?
48
What is the remainder when 587294 is divided by 195757?
23
Calculate the remainder when 128288 is divided by 777.
83
Calculate the remainder when 5439732 is divided by 8.
4
Calculate the remainder when 111991760 is divided by 425.
10
What is the remainder when 1963197 is divided by 170?
37
What is the remainder when 815795 is divided by 334?
167
Calculate the remainder when 176722 is divided by 739.
101
What is the remainder when 2603782 is divided by 142?
70
Calculate the remainder when 5288416 is divided by 465.
436
What is the remainder when 8686 is divided by 8060?
626
Calculate the remainder when 11481 is divided by 1679.
1407
What is the remainder when 58407 is divided by 2155?
222
What is the remainder when 550394 is divided by 22928?
122
Calculate the remainder when 9619303 is divided by 6210.
13
Calculate the remainder when 71489 is divided by 3621.
2690
Calculate the remainder when 7031746 is divided by 187.
172
What is the remainder when 17425576 is divided by 44?
36
Calculate the remainder when 4760974 is divided by 48.
46
Calculate the remainder when 119342393 is divided by 562.
7
What is the remainder when 213701 is divided by 545?
61
What is the remainder when 262798 is divided by 2287?
2080
What is the remainder when 29639 is divided by 235?
29
What is the remainder when 3523579 is divided by 148?
143
What is the remainder when 641389 is divided by 333?
31
Calculate the remainder when 1226480 is divided by 27.
5
What is the remainder when 762763 is divided by 2340?
2263
What is the remainder when 1420597 is divided by 142058?
17
Calculate the remainder when 163559997 is divided by 8178.
8175
What is the remainder when 8805736 is divided by 81?
64
What is the remainder when 94180735 is divided by 509085?
10
What is the remainder when 627984957 is divided by 16?
13
Calculate the remainder when 108479101 is divided by 28.
17
What is the remainder when 1209547 is divided by 10610?
7
Calculate the remainder when 140574828 is divided by 5392.
5388
Calculate the remainder when 13459858 is divided by 22969.
24
What is the remainder when 1337206 is divided by 5265?
5161
What is the remainder when 123872 is divided by 122406?
1466
Calculate the remainder when 35927 is divided by 3876.
1043
What is the remainder when 5482107 is divided by 12?
3
Calculate the remainder when 12492 is divided by 10935.
1557
What is the remainder when 100697907 is divided by 31?
18
What is the remainder when 60356054 is divided by 196?
10
Calculate the remainder when 38122495 is divided by 1700.
1695
What is the remainder when 8580587 is divided by 204299?
29
Calculate the remainder when 18305488 is divided by 205.
13
What is the remainder when 8341958 is divided by 926882?
20
What is the remainder when 26720 is divided by 5308?
180
Calculate the remainder when 1011040 is divided by 481.
459
What is the remainder when 138724 is divided by 23118?
16
What is th